 k*x = -760. What are the prime factors of x?
5, 19
Let j = -65 - -71. List the prime factors of 540/2 + 1 + (j - 9).
2, 67
Suppose 3*p - o + 178 + 105 = 0, 0 = 5*p - 3*o + 469. List the prime factors of ((-63)/(-15) - 1)*p/(-2).
2, 19
Suppose -4*w + x + 449 = 0, 156 = 3*w - 5*x - 202. Let s = -114 + 78. Let y = s + w. List the prime factors of y.
3, 5
Suppose 5*l + 10 = -2*m - 8, 3*m + 3*l + 9 = 0. Suppose m = -6*s - 5. What are the prime factors of s + 9 - (-10 + 6)?
2, 3
Let d be -39 + (5/(-2) + 1)*2. Suppose 2*z = -m - 2*m - 6, -m - 3*z + 5 = 0. Let a = m - d. List the prime factors of a.
2, 19
Let l = 1107 + 428. List the prime factors of l.
5, 307
Let b(r) = 6*r**3 - r**2 + r + 4. Let j be b(-2). Let g = j - -110. List the prime factors of g.
2, 3, 5
Let v = 5468 + -2846. What are the prime factors of v?
2, 3, 19, 23
Let i be (5/1 - 3) + (2 - 2). Suppose i*p + 3*z - 573 = -168, 3*z - 3 = 0. List the prime factors of p.
3, 67
Let f be (-10369)/(-8) - (-3)/(-24). Suppose 0 = 10*s + 2*s - f. What are the prime factors of s?
2, 3
What are the prime factors of -13 + 12 + 6*419?
7, 359
Let w(f) = -2*f**2 - f + 2. Let c be w(0). Suppose 0 = -c*n - 81 + 275. What are the prime factors of n?
97
Let n(x) = x**3 + 17*x**2 + 17*x + 24. Let l be n(-16). Let m = 48 - l. What are the prime factors of m?
2, 5
Suppose 3*b = 8 + 10. Suppose 2*l - 4 = y + y, -b = l + 3*y. Suppose x - 4*s = 38, l*x + x = -s + 13. What are the prime factors of x?
2, 3
Let g(k) = 2*k - 10. Let z be g(8). Suppose 3*v + 3*a - 6 = v, 2*v - a - z = 0. Suppose -115 = -v*t - 2*t. List the prime factors of t.
23
Suppose 4*z = -2*j + 448, -3*j = z - 3*z + 232. What are the prime factors of z?
113
Let p(h) = -2*h**3 - 5*h**2 - 8*h - 16. Suppose -22 + 2 = 4*c. What are the prime factors of p(c)?
149
Let m be (((-6)/(-1))/(-2))/1. Let b = m + 29. What are the prime factors of b?
2, 13
Suppose 0 = -13*w + 25*w - 42996. What are the prime factors of w?
3583
Suppose 0 = -3*f + 7*f - 2716. List the prime factors of f.
7, 97
Suppose 2*g = -2*v - v + 12, -4*g + 8 = -2*v. Suppose -22 = -4*i + v*n, 2*n + 7 + 3 = 0. List the prime factors of (i + -2 - 27)*-1.
2, 13
List the prime factors of (30 + 13)*(-29)/(-1).
29, 43
Let p(s) = -s + 23. Let g be p(15). Suppose -g*i = -6*i - 200. What are the prime factors of i?
2, 5
Suppose 0 = -5*m + 299 + 356. What are the prime factors of m?
131
Suppose 2*z - 4*p + 18 = z, -3 = -p. Let k = 8 + z. Suppose -5*n + 51 = k*s, -3*s - s + 3*n + 37 = 0. What are the prime factors of s?
13
List the prime factors of 3 + 33/(-9) + (-21050)/(-30).
701
Let q(b) = -b**2 - 7*b - 18. Let w be q(-6). Let t = w - -8. What are the prime factors of ((-52)/t)/(5/15)?
3, 13
Let p(t) = 87*t + 43. Let g be p(-6). Let u = -244 - g. List the prime factors of u.
5, 47
Suppose -4*v + 374 = 2*y, 5*y = 4*y + v + 190. What are the prime factors of y?
3, 7
Suppose -8*k + 6*k = 18. Let s be 2/k - (-232)/72. Suppose -200 = -5*v - 3*n - 50, 0 = s*v + 3*n - 96. List the prime factors of v.
3
Suppose b + 2 = 9. Let y = -7 + b. Suppose 4*a - 146 = -z, 0 = 2*a - y*a - 3*z - 80. What are the prime factors of a?
37
Suppose -10 = -3*f - 4. Suppose 5*q - 5 = 3*u, 0*q - f*q - 4*u + 2 = 0. What are the prime factors of ((-18)/8)/(q/(-24))?
2, 3
Let j be (10/(-25))/(4/(-10)). Suppose 5*d + 15 = 0, -3*k + d + 8 + j = 0. Suppose -p + k*p - 40 = 0. What are the prime factors of p?
2, 5
What are the prime factors of (865/(-9))/(-1) - 300/2700?
2, 3
Let x(f) = 21*f**2 + 11*f + 7. List the prime factors of x(-4).
13, 23
Suppose 1508 = 2*x + 2*x. List the prime factors of x.
13, 29
Let p(h) = -h**2 - h + 4. Let y(l) = -l**2 - 1. Let q(n) = -p(n) - 3*y(n). Let g be q(1). Suppose g*r - 21 = 3. What are the prime factors of r?
2, 3
Let g(r) = 201*r**2 - 5*r - 9. List the prime factors of g(4).
3187
Let m be (18/9)/((2/(-561))/(-1)). Suppose 0*n = -3*n, -3*s = -n - m. What are the prime factors of s?
11, 17
Let f(m) = -m**2 - 8*m - 19. Let s be f(-6). List the prime factors of (30/(-35) + -4)*s.
2, 17
Suppose 2361 + 1734 = 4*b - 3*m, -4*m = 4*b - 4116. List the prime factors of b.
2, 3, 19
Let s(o) = o**2 - 5*o + 14. Let i be s(6). List the prime factors of 248/i - 2/5.
2, 3
Let u be 20/(-10) - (0 - 1). Let z(c) = -92*c**3 - 2*c**2 - c. Let t be z(u). Suppose -4*g - g + h + t = 0, g - 3*h - 7 = 0. What are the prime factors of g?
19
Let t(r) = -1 + 2*r - 1 + 6. Let d be t(9). Suppose 3*m = 2*f + 48 + d, 5*f = -m + 12. What are the prime factors of m?
2, 11
Let y = -5 - -4. Let d = 1 - y. Suppose 2*l + 46 = 3*p + 7*l, 2*l = d*p - 52. What are the prime factors of p?
2, 11
Let u be (-1)/((10/24)/(-5)). Suppose 0 = -r + 2*r - 2. Suppose u = r*h + h. List the prime factors of h.
2
Suppose 4*s - q - 8607 = 0, 19*q + 6452 = 3*s + 15*q. What are the prime factors of s?
2, 269
Let u(f) be the first derivative of f**4/4 - 5*f**3/3 + 6*f**2 - 8*f + 9. List the prime factors of u(4).
2, 3
Suppose 0 = -3*d + 3*s + s + 26, 4*s = -4*d - 12. Let i be 0*(d/(-4) - -1). Suppose 0 = 3*w + 5*o - 46, 2*w + i*o = 5*o + 64. List the prime factors of w.
2, 11
Let u = 60 - 32. Suppose 4*l - u = -2*f + 214, l - f - 59 = 0. What are the prime factors of 1912/60 - (-8)/l?
2
Let i(t) = t**2 - t + 143. Let f = -15 - -15. What are the prime factors of i(f)?
11, 13
Suppose f + 24 - 34 = 0. Suppose f*w - 130 = -0*w. What are the prime factors of w?
13
Let l(r) = -5*r - 9. Let q be l(0). Let z = 12 - q. List the prime factors of z.
3, 7
Let s = 3167 + -1459. What are the prime factors of s?
2, 7, 61
Let m be ((-76)/2)/(11/(-297)). Let g be (-2)/(-10) - m/(-45). Let t = 46 - g. List the prime factors of t.
23
Suppose 4*t = 3*i - 39, 8 = -2*i + t + 29. Suppose -3 = 2*k - i. Suppose 2*z = -5*s + 35, -81 = -k*z - 3*s + 5*s. List the prime factors of z.
5
List the prime factors of (-144)/24 - (-2 - (-506)/(-1)).
2, 251
Let v = 152 - 149. Suppose 3*d - 180 = -4*t, -d + 5*t = d - 120. Suppose -4*z - 4*a = -d, z - v*a = -z + 20. List the prime factors of z.
13
Let k(y) = -75*y + 3 + 15 - 13. List the prime factors of k(-1).
2, 5
Let q(n) = n + 8. Let t be q(5). Let r = t + -9. Suppose 34 = r*f - 18. What are the prime factors of f?
13
Let a = 4 - -25. Suppose -1 - a = -5*g. List the prime factors of g.
2, 3
List the prime factors of (-18)/((9/108)/((-14)/9)).
2, 3, 7
Suppose 6 = -4*z - 3*d + 2, 4*z + 12 = -5*d. Suppose z = -3*j + 4*j. Suppose 0 = -0*k - j*k + 36. What are the prime factors of k?
2, 3
Suppose -3*k + 6 = -p, -4*k + 0*p + 9 = -p. Suppose 2*x + 73 = -l + 251, -514 = -k*l - 2*x. List the prime factors of l.
2, 3, 7
Suppose 0 = -5*a + 8 - 28. Let s(n) = -4*n**3 - 5*n**2 - 3. What are the prime factors of s(a)?
173
Suppose 2*c + 7*u = 8*u + 1616, u - 2419 = -3*c. What are the prime factors of c?
3, 269
Suppose -2375*n + 2366*n + 45477 = 0. List the prime factors of n.
31, 163
Let o be (6*1)/(3/4). Suppose -3*k + o = -1. Suppose -b - 54 = -k*b. What are the prime factors of b?
3
Suppose -5*y + 0*y = 5*p - 95, -p + 5 = 0. Suppose -y*m = -10*m - 768. What are the prime factors of m?
2, 3
Let s = 225 + -37. What are the prime factors of s?
2, 47
Let z(d) = d**2 + d + 1. Let m(a) be the second derivative of -5*a**4/6 - 4*a**2 - 10*a. Let k(u) = -m(u) - 4*z(u). List the prime factors of k(3).
2, 23
Suppose -5*d - 772 = -q + 108, 0 = 2*q - 5*d - 1760. What are the prime factors of q?
2, 5, 11
Suppose 3*x = -14*x + 24820. What are the prime factors of x?
2, 5, 73
Let a = -1277 + 1814. What are the prime factors of a?
3, 179
Let b = -300 - -196. Suppose -d - 22 - 41 = 2*x, 5*d + 280 = -3*x. Let i = d - b. List the prime factors of i.
3, 17
Let m = 19 - 17. Suppose 3*u - m*w = u + 58, u - 23 = -w. Let j = -17 + u. What are the prime factors of j?
3
Let j(l) = l**3. Let i(r) = 3*r**3 + r**2 - r - 1. Suppose 4 = f - 5*f. Let t(q) = f*i(q) + 5*j(q). List the prime factors of t(2).
3, 5
Let p(d) = 1 - d + 0*d + 6 - 6. List the prime factors of p(-6).
7
Let k be (-535)/25 - (-6)/15. Let r be 7/k - 134/(-6). Suppose -p = 3*g - g - 18, -3*g = -2*p + r. List the prime factors of p.
2, 7
Let i = 626 + -314. List the prime factors of i.
2, 3, 13
What are the prime factors of (64/14 + -2)/(13/1638)?
2, 3
What are the prime factors of ((-1720)/(-10))/((-6)/(-15